{"id":174,"date":"2020-09-10T12:05:16","date_gmt":"2020-09-10T10:05:16","guid":{"rendered":"https:\/\/lycee-simonedebeauvoir.com\/?page_id=174"},"modified":"2021-06-24T07:45:12","modified_gmt":"2021-06-24T05:45:12","slug":"maternelle","status":"publish","type":"page","link":"https:\/\/lycee-simonedebeauvoir.com\/?page_id=174","title":{"rendered":"L&rsquo;\u00e9cole Maternelle \u00e0 la fran\u00e7aise"},"content":{"rendered":"\n<figure class=\"wp-block-gallery columns-3 is-cropped wp-block-gallery-1 is-layout-flex wp-block-gallery-is-layout-flex\"><ul class=\"blocks-gallery-grid\"><li class=\"blocks-gallery-item\"><figure><img fetchpriority=\"high\" decoding=\"async\" width=\"498\" height=\"1024\" src=\"https:\/\/lycee-simonedebeauvoir.com\/wp-content\/uploads\/2019\/10\/20190925_105800-498x1024.jpg\" alt=\"\" data-id=\"1238\" data-full-url=\"https:\/\/lycee-simonedebeauvoir.com\/wp-content\/uploads\/2019\/10\/20190925_105800-scaled.jpg\" data-link=\"https:\/\/lycee-simonedebeauvoir.com\/?attachment_id=1238\" class=\"wp-image-1238\" srcset=\"https:\/\/lycee-simonedebeauvoir.com\/wp-content\/uploads\/2019\/10\/20190925_105800-498x1024.jpg 498w, https:\/\/lycee-simonedebeauvoir.com\/wp-content\/uploads\/2019\/10\/20190925_105800-146x300.jpg 146w, https:\/\/lycee-simonedebeauvoir.com\/wp-content\/uploads\/2019\/10\/20190925_105800-768x1580.jpg 768w, https:\/\/lycee-simonedebeauvoir.com\/wp-content\/uploads\/2019\/10\/20190925_105800-747x1536.jpg 747w, https:\/\/lycee-simonedebeauvoir.com\/wp-content\/uploads\/2019\/10\/20190925_105800-996x2048.jpg 996w, https:\/\/lycee-simonedebeauvoir.com\/wp-content\/uploads\/2019\/10\/20190925_105800-scaled.jpg 1244w\" sizes=\"(max-width: 498px) 100vw, 498px\" \/><\/figure><\/li><li class=\"blocks-gallery-item\"><figure><img decoding=\"async\" width=\"640\" height=\"640\" src=\"https:\/\/lycee-simonedebeauvoir.com\/wp-content\/uploads\/2019\/05\/GS27.jpg\" alt=\"\" data-id=\"1055\" data-full-url=\"https:\/\/lycee-simonedebeauvoir.com\/wp-content\/uploads\/2019\/05\/GS27.jpg\" data-link=\"https:\/\/lycee-simonedebeauvoir.com\/?attachment_id=1055\" class=\"wp-image-1055\" srcset=\"https:\/\/lycee-simonedebeauvoir.com\/wp-content\/uploads\/2019\/05\/GS27.jpg 640w, https:\/\/lycee-simonedebeauvoir.com\/wp-content\/uploads\/2019\/05\/GS27-300x300.jpg 300w, https:\/\/lycee-simonedebeauvoir.com\/wp-content\/uploads\/2019\/05\/GS27-150x150.jpg 150w, https:\/\/lycee-simonedebeauvoir.com\/wp-content\/uploads\/2019\/05\/GS27-400x400.jpg 400w, https:\/\/lycee-simonedebeauvoir.com\/wp-content\/uploads\/2019\/05\/GS27-100x100.jpg 100w\" sizes=\"(max-width: 640px) 100vw, 640px\" \/><\/figure><\/li><li class=\"blocks-gallery-item\"><figure><img decoding=\"async\" width=\"1024\" height=\"498\" src=\"https:\/\/lycee-simonedebeauvoir.com\/wp-content\/uploads\/2019\/05\/GS10-1024x498.jpg\" alt=\"\" data-id=\"1040\" data-full-url=\"https:\/\/lycee-simonedebeauvoir.com\/wp-content\/uploads\/2019\/05\/GS10.jpg\" data-link=\"https:\/\/lycee-simonedebeauvoir.com\/?attachment_id=1040\" class=\"wp-image-1040\" srcset=\"https:\/\/lycee-simonedebeauvoir.com\/wp-content\/uploads\/2019\/05\/GS10-1024x498.jpg 1024w, https:\/\/lycee-simonedebeauvoir.com\/wp-content\/uploads\/2019\/05\/GS10-300x146.jpg 300w, https:\/\/lycee-simonedebeauvoir.com\/wp-content\/uploads\/2019\/05\/GS10-768x373.jpg 768w, https:\/\/lycee-simonedebeauvoir.com\/wp-content\/uploads\/2019\/05\/GS10.jpg 1316w\" sizes=\"(max-width: 1024px) 100vw, 1024px\" \/><\/figure><\/li><\/ul><\/figure>\n\n\n\n<figure class=\"wp-block-gallery columns-1 is-cropped wp-block-gallery-2 is-layout-flex wp-block-gallery-is-layout-flex\"><ul class=\"blocks-gallery-grid\"><li class=\"blocks-gallery-item\"><figure><img loading=\"lazy\" decoding=\"async\" width=\"540\" height=\"960\" src=\"https:\/\/lycee-simonedebeauvoir.com\/wp-content\/uploads\/2020\/11\/126054896_412541193096279_8862704395700996488_n.jpg\" alt=\"\" data-id=\"2459\" data-full-url=\"https:\/\/lycee-simonedebeauvoir.com\/wp-content\/uploads\/2020\/11\/126054896_412541193096279_8862704395700996488_n.jpg\" data-link=\"https:\/\/lycee-simonedebeauvoir.com\/?attachment_id=2459\" class=\"wp-image-2459\" srcset=\"https:\/\/lycee-simonedebeauvoir.com\/wp-content\/uploads\/2020\/11\/126054896_412541193096279_8862704395700996488_n.jpg 540w, https:\/\/lycee-simonedebeauvoir.com\/wp-content\/uploads\/2020\/11\/126054896_412541193096279_8862704395700996488_n-169x300.jpg 169w\" sizes=\"(max-width: 540px) 100vw, 540px\" \/><\/figure><\/li><\/ul><\/figure>\n\n\n\n<figure class=\"wp-block-image size-large\"><img loading=\"lazy\" decoding=\"async\" width=\"1024\" height=\"682\" src=\"https:\/\/lycee-simonedebeauvoir.com\/wp-content\/uploads\/2020\/09\/GFID7905-1024x682.jpg\" alt=\"\" class=\"wp-image-125\" srcset=\"https:\/\/lycee-simonedebeauvoir.com\/wp-content\/uploads\/2020\/09\/GFID7905-1024x682.jpg 1024w, https:\/\/lycee-simonedebeauvoir.com\/wp-content\/uploads\/2020\/09\/GFID7905-300x200.jpg 300w, https:\/\/lycee-simonedebeauvoir.com\/wp-content\/uploads\/2020\/09\/GFID7905-768x512.jpg 768w, https:\/\/lycee-simonedebeauvoir.com\/wp-content\/uploads\/2020\/09\/GFID7905-1536x1023.jpg 1536w, https:\/\/lycee-simonedebeauvoir.com\/wp-content\/uploads\/2020\/09\/GFID7905.jpg 1600w\" sizes=\"(max-width: 1024px) 100vw, 1024px\" \/><\/figure>\n","protected":false},"excerpt":{"rendered":"","protected":false},"author":2,"featured_media":2462,"parent":141,"menu_order":0,"comment_status":"closed","ping_status":"closed","template":"","meta":{"footnotes":""},"class_list":["post-174","page","type-page","status-publish","has-post-thumbnail","hentry"],"_links":{"self":[{"href":"https:\/\/lycee-simonedebeauvoir.com\/index.php?rest_route=\/wp\/v2\/pages\/174","targetHints":{"allow":["GET"]}}],"collection":[{"href":"https:\/\/lycee-simonedebeauvoir.com\/index.php?rest_route=\/wp\/v2\/pages"}],"about":[{"href":"https:\/\/lycee-simonedebeauvoir.com\/index.php?rest_route=\/wp\/v2\/types\/page"}],"author":[{"embeddable":true,"href":"https:\/\/lycee-simonedebeauvoir.com\/index.php?rest_route=\/wp\/v2\/users\/2"}],"replies":[{"embeddable":true,"href":"https:\/\/lycee-simonedebeauvoir.com\/index.php?rest_route=%2Fwp%2Fv2%2Fcomments&post=174"}],"version-history":[{"count":4,"href":"https:\/\/lycee-simonedebeauvoir.com\/index.php?rest_route=\/wp\/v2\/pages\/174\/revisions"}],"predecessor-version":[{"id":2630,"href":"https:\/\/lycee-simonedebeauvoir.com\/index.php?rest_route=\/wp\/v2\/pages\/174\/revisions\/2630"}],"up":[{"embeddable":true,"href":"https:\/\/lycee-simonedebeauvoir.com\/index.php?rest_route=\/wp\/v2\/pages\/141"}],"wp:featuredmedia":[{"embeddable":true,"href":"https:\/\/lycee-simonedebeauvoir.com\/index.php?rest_route=\/wp\/v2\/media\/2462"}],"wp:attachment":[{"href":"https:\/\/lycee-simonedebeauvoir.com\/index.php?rest_route=%2Fwp%2Fv2%2Fmedia&parent=174"}],"curies":[{"name":"wp","href":"https:\/\/api.w.org\/{rel}","templated":true}]}}