{"id":223,"date":"2020-09-10T12:13:47","date_gmt":"2020-09-10T10:13:47","guid":{"rendered":"https:\/\/lycee-simonedebeauvoir.com\/?page_id=223"},"modified":"2022-12-15T08:20:02","modified_gmt":"2022-12-15T06:20:02","slug":"parcours-sup","status":"publish","type":"page","link":"https:\/\/lycee-simonedebeauvoir.com\/?page_id=223","title":{"rendered":"Parcours sup : calendrier et conseils"},"content":{"rendered":"\n<div class=\"wp-block-group is-layout-flow wp-block-group-is-layout-flow\">\n<h2 class=\"wp-block-heading\"><strong>20 D\u00c9CEMBRE 2022\u00a0: UN NOUVEAU MOTEUR DE RECHERCHE DES FORMATIONS POUR R\u00c9PONDRE AUX ATTENTES DES USAGERS<\/strong><\/h2>\n\n\n\n<p>A compter du mardi 20 d\u00e9cembre 2022, les \u00e9l\u00e8ves pourront consulter l\u2019offre de formation disponible pour la session 2023 via le moteur de recherche de Parcoursup.fr (plus de 21&nbsp;000 formations contr\u00f4l\u00e9es par l\u2019\u00c9tat seront accessibles d\u2019ici au 18 janvier 2023).&nbsp; <strong>Chaque formation inscrite sur la plateforme est pr\u00e9sent\u00e9e sous la forme d\u2019une fiche homog\u00e8ne, comportant les informations essentielles pour aider les \u00e9l\u00e8ves \u00e0 faire m\u00fbrir leur projet d\u2019orientation et \u00e0 faire leurs choix.<\/strong><\/p>\n\n\n\n<p>Au terme d\u2019une phase d\u2019\u00e9coute des usagers, <strong>le moteur de recherche et les fiches de formation ont \u00e9t\u00e9 r\u00e9nov\u00e9s <\/strong>pour apporter aux \u00e9l\u00e8ves et leurs familles ainsi qu\u2019aux \u00e9quipes \u00e9ducatives et d\u2019orientation qui les accompagnent une information plus claire, plus riche et plus transparente.&nbsp;<\/p>\n\n\n\n<p>Cette nouvelle version du moteur de recherche des formations sera disponible d\u00e8s le 20 d\u00e9cembre 2022 sur Parcoursup.fr. <strong>Vous pouvez informer les \u00e9l\u00e8ves et leurs familles de cette premi\u00e8re \u00e9ch\u00e9ance importante afin qu\u2019ils profitent des vacances de No\u00ebl pour commencer \u00e0 effectuer leurs recherches et \u00e0 \u00e9laborer leur projet d\u2019orientation.<\/strong><\/p>\n<\/div>\n\n\n\n<h2 class=\"wp-block-heading\"><strong>Le calendrier Parcoursup 2023 en 3 \u00e9tapes<\/strong><\/h2>\n\n\n\n<p><strong>Le calendrier Parcoursup est fix\u00e9 en articulation avec celui du baccalaur\u00e9at 2023&nbsp;: <\/strong>il d\u00e9tailleaux \u00e9l\u00e8ves et \u00e0 leurs familles chaque \u00e9tape de la proc\u00e9dure avec les dates cl\u00e9s \u00e0 retenir ainsi que l\u2019accompagnement pr\u00e9vu.<\/p>\n\n\n\n<p>Le calendrier est accessible sur Parcoursup.fr et sous plusieurs formats&nbsp;:&nbsp;<\/p>\n\n\n\n<p>\u00b7&nbsp;&nbsp;&nbsp;&nbsp;&nbsp;&nbsp;&nbsp;&nbsp; Une infographie \u00e0 <a href=\"https:\/\/www.parcoursup.fr\/index.php?desc=calendrier\" target=\"_blank\" rel=\"noreferrer noopener\">consulter sur<\/a> Parcoursup.fr<\/p>\n\n\n\n<p>\u00b7&nbsp;&nbsp;&nbsp;&nbsp;&nbsp;&nbsp;&nbsp;&nbsp; Un<a href=\"https:\/\/eduscol.education.fr\/document\/3144\/download?attachment\" target=\"_blank\" rel=\"noreferrer noopener\"> d\u00e9pliant \u00e0 t\u00e9l\u00e9charger&nbsp;: Parcoursup 2023 en 3 \u00e9tapes<\/a><\/p>\n\n\n\n<p>\u00b7&nbsp;&nbsp;&nbsp;&nbsp;&nbsp;&nbsp;&nbsp;&nbsp; Une vid\u00e9o \u00e0 consulter sur Parcoursup.fr \u00e0 compter du 20 d\u00e9cembre<\/p>\n\n\n\n<h2 class=\"wp-block-heading\"><strong>L\u2019articulation entre le baccalaur\u00e9at et Parcoursup\u00a0<\/strong><\/h2>\n\n\n\n<p>Vous retrouvez sur Parcoursup.fr la page d\u2019information \u00ab&nbsp;Bac et Parcoursup 2023, ce qu\u2019il faut savoir&nbsp;\u00bb qui pr\u00e9sente des \u00e9l\u00e9ments utiles sur l\u2019articulation de l\u2019examen et de la proc\u00e9dure pour les \u00e9l\u00e8ves de terminale g\u00e9n\u00e9rale et technologique.<\/p>\n\n\n\n<p><a href=\"https:\/\/www.parcoursup.fr\/index.php?desc=bac2023\" target=\"_blank\" rel=\"noreferrer noopener\">Consulter la page d\u2019information \u00ab&nbsp;Bac et Parcoursup 2023, ce qu\u2019il faut savoir&nbsp;\u00bb<\/a><\/p>\n\n\n\n<h2 class=\"wp-block-heading\"><strong>LES RESSOURCES UTILES POUR ACCOMPAGNER LES \u00c9L\u00c8VES DANS LA CONSTRUCTION PROGRESSIVE DE LEUR PROJET D\u2019ORIENTATION<\/strong><\/h2>\n\n\n\n<p>L\u2019ann\u00e9e de terminale est marqu\u00e9e de plusieurs temps forts qui visent \u00e0 permettre \u00e0 chaque lyc\u00e9en de pr\u00e9ciser son projet d\u2019orientation.<\/p>\n\n\n\n<h2 class=\"wp-block-heading\"><strong>Terminales2022-2023.fr<\/strong><\/h2>\n\n\n\n<p>Vous y trouverez notamment :<\/p>\n\n\n\n<p>\u00b7&nbsp;&nbsp;&nbsp;&nbsp;&nbsp;&nbsp;&nbsp;&nbsp; La pr\u00e9sentation de chacune des fili\u00e8res<\/p>\n\n\n\n<p>\u00b7&nbsp;&nbsp;&nbsp;&nbsp;&nbsp;&nbsp;&nbsp;&nbsp; Des conseils pour pr\u00e9parer leur projet d\u2019orientation<\/p>\n\n\n\n<p>\u00b7&nbsp;&nbsp;&nbsp;&nbsp;&nbsp;&nbsp;&nbsp;&nbsp; Des fiches, des vid\u00e9os et des t\u00e9moignages sur les m\u00e9tiers, les formations sup\u00e9rieures et les d\u00e9bouch\u00e9s<\/p>\n\n\n\n<p><a href=\"https:\/\/www.terminales2021-2022.fr\/\" target=\"_blank\" rel=\"noreferrer noopener\">Consultez Terminales2022-2023.fr<\/a><\/p>\n\n\n\n<h2 class=\"wp-block-heading\"><strong>Monorientationenligne.fr\u00a0: un service gratuit de conseils en orientation<\/strong><\/h2>\n\n\n\n<p>L&rsquo;Onisep<strong> <\/strong>et ses conseillers r\u00e9pondent par mail, tchat et t\u00e9l\u00e9phone aux questions des \u00e9l\u00e8ves et leur famille sur l\u2019orientation, les fili\u00e8res de formation et les m\u00e9tiers.<\/p>\n\n\n\n<p>Nous vous invitons \u00e0 faire connaitre aux familles ce service public gratuit d\u2019aide \u00e0 l\u2019orientation disponible 24h\/24 et 7 jours\/7 pour les questions par mail et du lundi au vendredi de 10h \u00e0 20h pour les questions par t\u00e9l\u00e9phone ou par tchat.<\/p>\n\n\n\n<p><a href=\"https:\/\/www.monorientationenligne.fr\/qr\/index.php\" target=\"_blank\" rel=\"noreferrer noopener\">Acc\u00e9dez au service monorientationenligne.fr<\/a><\/p>\n\n\n\n<h2 class=\"wp-block-heading\"><strong>Les fiches pratiques Onisep<\/strong><\/h2>\n\n\n\n<p>L\u2019Onisep met des fiches pratiques \u00e0 la disposition des professeurs principaux et des \u00e9l\u00e8ves :<\/p>\n\n\n\n<p>\u00b7&nbsp;&nbsp;&nbsp;&nbsp;&nbsp;&nbsp;&nbsp;&nbsp; Fiche professeur : L&rsquo;entretien personnalis\u00e9 d&rsquo;orientation<\/p>\n\n\n\n<p>\u00b7&nbsp;&nbsp;&nbsp;&nbsp;&nbsp;&nbsp;&nbsp;&nbsp; Fiche \u00e9l\u00e8ve : Pr\u00e9parer son entretien personnalis\u00e9 d&rsquo;orientation<\/p>\n\n\n\n<p>\u00b7&nbsp;&nbsp;&nbsp;&nbsp;&nbsp;&nbsp;&nbsp;&nbsp; Fiche professeur : L&rsquo;\u00e9l\u00e8ve de terminale n&rsquo;a pas de projet concret<\/p>\n\n\n\n<p>\u00b7&nbsp;&nbsp;&nbsp;&nbsp;&nbsp;&nbsp;&nbsp;&nbsp; Fiche \u00e9l\u00e8ve : Questionnaire &#8211; je fais le point<\/p>\n\n\n\n<p><a href=\"https:\/\/eduscol.education.fr\/2236\/parcoursup-l-orientation-du-lycee-vers-l-enseignement-superieur\" target=\"_blank\" rel=\"noreferrer noopener\">T\u00e9l\u00e9charger les fiches sur Eduscol<\/a><\/p>\n\n\n\n<p><\/p>\n\n\n\n<div class=\"wp-block-media-text alignwide is-stacked-on-mobile\" style=\"grid-template-columns:39% auto\"><figure class=\"wp-block-media-text__media\"><img fetchpriority=\"high\" decoding=\"async\" width=\"605\" height=\"270\" src=\"https:\/\/lycee-simonedebeauvoir.com\/wp-content\/uploads\/2021\/12\/SocialParcourSup.jpg\" alt=\"\" class=\"wp-image-2974 size-full\" srcset=\"https:\/\/lycee-simonedebeauvoir.com\/wp-content\/uploads\/2021\/12\/SocialParcourSup.jpg 605w, https:\/\/lycee-simonedebeauvoir.com\/wp-content\/uploads\/2021\/12\/SocialParcourSup-300x134.jpg 300w\" sizes=\"(max-width: 605px) 100vw, 605px\" \/><\/figure><div class=\"wp-block-media-text__content\">\n<p class=\"has-large-font-size\"><\/p>\n<\/div><\/div>\n","protected":false},"excerpt":{"rendered":"<p>20 D\u00c9CEMBRE 2022\u00a0: UN NOUVEAU MOTEUR DE RECHERCHE DES FORMATIONS POUR R\u00c9PONDRE AUX ATTENTES DES USAGERS A compter du mardi 20 d\u00e9cembre 2022, les \u00e9l\u00e8ves pourront consulter l\u2019offre de formation disponible pour la session 2023 via le moteur de recherche de Parcoursup.fr (plus de 21&nbsp;000 formations contr\u00f4l\u00e9es par l\u2019\u00c9tat seront accessibles d\u2019ici au 18 janvier [&hellip;]<\/p>\n","protected":false},"author":6,"featured_media":0,"parent":148,"menu_order":0,"comment_status":"closed","ping_status":"closed","template":"","meta":{"footnotes":""},"class_list":["post-223","page","type-page","status-publish","hentry"],"_links":{"self":[{"href":"https:\/\/lycee-simonedebeauvoir.com\/index.php?rest_route=\/wp\/v2\/pages\/223","targetHints":{"allow":["GET"]}}],"collection":[{"href":"https:\/\/lycee-simonedebeauvoir.com\/index.php?rest_route=\/wp\/v2\/pages"}],"about":[{"href":"https:\/\/lycee-simonedebeauvoir.com\/index.php?rest_route=\/wp\/v2\/types\/page"}],"author":[{"embeddable":true,"href":"https:\/\/lycee-simonedebeauvoir.com\/index.php?rest_route=\/wp\/v2\/users\/6"}],"replies":[{"embeddable":true,"href":"https:\/\/lycee-simonedebeauvoir.com\/index.php?rest_route=%2Fwp%2Fv2%2Fcomments&post=223"}],"version-history":[{"count":27,"href":"https:\/\/lycee-simonedebeauvoir.com\/index.php?rest_route=\/wp\/v2\/pages\/223\/revisions"}],"predecessor-version":[{"id":3360,"href":"https:\/\/lycee-simonedebeauvoir.com\/index.php?rest_route=\/wp\/v2\/pages\/223\/revisions\/3360"}],"up":[{"embeddable":true,"href":"https:\/\/lycee-simonedebeauvoir.com\/index.php?rest_route=\/wp\/v2\/pages\/148"}],"wp:attachment":[{"href":"https:\/\/lycee-simonedebeauvoir.com\/index.php?rest_route=%2Fwp%2Fv2%2Fmedia&parent=223"}],"curies":[{"name":"wp","href":"https:\/\/api.w.org\/{rel}","templated":true}]}}

<div class="wp-block-group is-layout-flow wp-block-group-is-layout-flow">
<h2 class="wp-block-heading"><strong>20 DÉCEMBRE 2022 : UN NOUVEAU MOTEUR DE RECHERCHE DES FORMATIONS POUR RÉPONDRE AUX ATTENTES DES USAGERS</strong></h2>



<p>A compter du mardi 20 décembre 2022, les élèves pourront consulter l’offre de formation disponible pour la session 2023 via le moteur de recherche de Parcoursup.fr (plus de 21&nbsp;000 formations contrôlées par l’État seront accessibles d’ici au 18 janvier 2023).&nbsp; <strong>Chaque formation inscrite sur la plateforme est présentée sous la forme d’une fiche homogène, comportant les informations essentielles pour aider les élèves à faire mûrir leur projet d’orientation et à faire leurs choix.</strong></p>



<p>Au terme d’une phase d’écoute des usagers, <strong>le moteur de recherche et les fiches de formation ont été rénovés </strong>pour apporter aux élèves et leurs familles ainsi qu’aux équipes éducatives et d’orientation qui les accompagnent une information plus claire, plus riche et plus transparente.&nbsp;</p>



<p>Cette nouvelle version du moteur de recherche des formations sera disponible dès le 20 décembre 2022 sur Parcoursup.fr. <strong>Vous pouvez informer les élèves et leurs familles de cette première échéance importante afin qu’ils profitent des vacances de Noël pour commencer à effectuer leurs recherches et à élaborer leur projet d’orientation.</strong></p>
</div>



<h2 class="wp-block-heading"><strong>Le calendrier Parcoursup 2023 en 3 étapes</strong></h2>



<p><strong>Le calendrier Parcoursup est fixé en articulation avec celui du baccalauréat 2023&nbsp;: </strong>il détailleaux élèves et à leurs familles chaque étape de la procédure avec les dates clés à retenir ainsi que l’accompagnement prévu.</p>



<p>Le calendrier est accessible sur Parcoursup.fr et sous plusieurs formats&nbsp;:&nbsp;</p>



<p>·&nbsp;&nbsp;&nbsp;&nbsp;&nbsp;&nbsp;&nbsp;&nbsp; Une infographie à <a href="https://www.parcoursup.fr/index.php?desc=calendrier" target="_blank" rel="noreferrer noopener">consulter sur</a> Parcoursup.fr</p>



<p>·&nbsp;&nbsp;&nbsp;&nbsp;&nbsp;&nbsp;&nbsp;&nbsp; Un<a href="https://eduscol.education.fr/document/3144/download?attachment" target="_blank" rel="noreferrer noopener"> dépliant à télécharger&nbsp;: Parcoursup 2023 en 3 étapes</a></p>



<p>·&nbsp;&nbsp;&nbsp;&nbsp;&nbsp;&nbsp;&nbsp;&nbsp; Une vidéo à consulter sur Parcoursup.fr à compter du 20 décembre</p>



<h2 class="wp-block-heading"><strong>L’articulation entre le baccalauréat et Parcoursup </strong></h2>



<p>Vous retrouvez sur Parcoursup.fr la page d’information «&nbsp;Bac et Parcoursup 2023, ce qu’il faut savoir&nbsp;» qui présente des éléments utiles sur l’articulation de l’examen et de la procédure pour les élèves de terminale générale et technologique.</p>



<p><a href="https://www.parcoursup.fr/index.php?desc=bac2023" target="_blank" rel="noreferrer noopener">Consulter la page d’information «&nbsp;Bac et Parcoursup 2023, ce qu’il faut savoir&nbsp;»</a></p>



<h2 class="wp-block-heading"><strong>LES RESSOURCES UTILES POUR ACCOMPAGNER LES ÉLÈVES DANS LA CONSTRUCTION PROGRESSIVE DE LEUR PROJET D’ORIENTATION</strong></h2>



<p>L’année de terminale est marquée de plusieurs temps forts qui visent à permettre à chaque lycéen de préciser son projet d’orientation.</p>



<h2 class="wp-block-heading"><strong>Terminales2022-2023.fr</strong></h2>



<p>Vous y trouverez notamment :</p>



<p>·&nbsp;&nbsp;&nbsp;&nbsp;&nbsp;&nbsp;&nbsp;&nbsp; La présentation de chacune des filières</p>



<p>·&nbsp;&nbsp;&nbsp;&nbsp;&nbsp;&nbsp;&nbsp;&nbsp; Des conseils pour préparer leur projet d’orientation</p>



<p>·&nbsp;&nbsp;&nbsp;&nbsp;&nbsp;&nbsp;&nbsp;&nbsp; Des fiches, des vidéos et des témoignages sur les métiers, les formations supérieures et les débouchés</p>



<p><a href="https://www.terminales2021-2022.fr/" target="_blank" rel="noreferrer noopener">Consultez Terminales2022-2023.fr</a></p>



<h2 class="wp-block-heading"><strong>Monorientationenligne.fr : un service gratuit de conseils en orientation</strong></h2>



<p>L&rsquo;Onisep<strong> </strong>et ses conseillers répondent par mail, tchat et téléphone aux questions des élèves et leur famille sur l’orientation, les filières de formation et les métiers.</p>



<p>Nous vous invitons à faire connaitre aux familles ce service public gratuit d’aide à l’orientation disponible 24h/24 et 7 jours/7 pour les questions par mail et du lundi au vendredi de 10h à 20h pour les questions par téléphone ou par tchat.</p>



<p><a href="https://www.monorientationenligne.fr/qr/index.php" target="_blank" rel="noreferrer noopener">Accédez au service monorientationenligne.fr</a></p>



<h2 class="wp-block-heading"><strong>Les fiches pratiques Onisep</strong></h2>



<p>L’Onisep met des fiches pratiques à la disposition des professeurs principaux et des élèves :</p>



<p>·&nbsp;&nbsp;&nbsp;&nbsp;&nbsp;&nbsp;&nbsp;&nbsp; Fiche professeur : L&rsquo;entretien personnalisé d&rsquo;orientation</p>



<p>·&nbsp;&nbsp;&nbsp;&nbsp;&nbsp;&nbsp;&nbsp;&nbsp; Fiche élève : Préparer son entretien personnalisé d&rsquo;orientation</p>



<p>·&nbsp;&nbsp;&nbsp;&nbsp;&nbsp;&nbsp;&nbsp;&nbsp; Fiche professeur : L&rsquo;élève de terminale n&rsquo;a pas de projet concret</p>



<p>·&nbsp;&nbsp;&nbsp;&nbsp;&nbsp;&nbsp;&nbsp;&nbsp; Fiche élève : Questionnaire &#8211; je fais le point</p>



<p><a href="https://eduscol.education.fr/2236/parcoursup-l-orientation-du-lycee-vers-l-enseignement-superieur" target="_blank" rel="noreferrer noopener">Télécharger les fiches sur Eduscol</a></p>



<p></p>



<div class="wp-block-media-text alignwide is-stacked-on-mobile" style="grid-template-columns:39% auto"><figure class="wp-block-media-text__media"><img fetchpriority="high" decoding="async" width="605" height="270" src="https://lycee-simonedebeauvoir.com/wp-content/uploads/2021/12/SocialParcourSup.jpg" alt="" class="wp-image-2974 size-full" srcset="https://lycee-simonedebeauvoir.com/wp-content/uploads/2021/12/SocialParcourSup.jpg 605w, https://lycee-simonedebeauvoir.com/wp-content/uploads/2021/12/SocialParcourSup-300x134.jpg 300w" sizes="(max-width: 605px) 100vw, 605px" /></figure><div class="wp-block-media-text__content">
<p class="has-large-font-size"></p>
</div></div>

<p>20 DÉCEMBRE 2022 : UN NOUVEAU MOTEUR DE RECHERCHE DES FORMATIONS POUR RÉPONDRE AUX ATTENTES DES USAGERS A compter du mardi 20 décembre 2022, les élèves pourront consulter l’offre de formation disponible pour la session 2023 via le moteur de recherche de Parcoursup.fr (plus de 21&nbsp;000 formations contrôlées par l’État seront accessibles d’ici au 18 janvier [&hellip;]</p>
