{"id":3363,"date":"2023-01-09T11:16:07","date_gmt":"2023-01-09T09:16:07","guid":{"rendered":"https:\/\/lycee-simonedebeauvoir.com\/?page_id=3363"},"modified":"2023-01-09T11:16:08","modified_gmt":"2023-01-09T09:16:08","slug":"webradio","status":"publish","type":"page","link":"https:\/\/lycee-simonedebeauvoir.com\/?page_id=3363","title":{"rendered":"WebRadio"},"content":{"rendered":"\n<figure class=\"wp-block-image size-full is-resized is-style-default\"><a href=\"https:\/\/www.youtube.com\/@Simone_de_Beauvoir_du_Caire\/videos\u00a0\"><img fetchpriority=\"high\" decoding=\"async\" src=\"https:\/\/niscl.s3.eu-central-1.amazonaws.com\/Lycee\/Media\/2023\/01\/09091806\/CPWR.jpg\" alt=\"\" class=\"wp-image-3365\" width=\"330\" height=\"248\" srcset=\"https:\/\/niscl.s3.eu-central-1.amazonaws.com\/Lycee\/Media\/2023\/01\/09091806\/CPWR.jpg 734w, https:\/\/niscl.s3.eu-central-1.amazonaws.com\/Lycee\/Media\/2023\/01\/09091806\/CPWR-300x226.jpg 300w\" sizes=\"(max-width: 330px) 100vw, 330px\" \/><\/a><figcaption>Le projet initi\u00e9 en septembre 2022 et pilot\u00e9 par Mme Rita, Mme Reem et Mme Safia s&rsquo;est concr\u00e9tis\u00e9 fin d\u00e9cembre avec la premi\u00e8re \u00e9mission diffus\u00e9e dans l&rsquo;\u00e9tablissement et mise en ligne sur la chaine Youtube de la radio : <a rel=\"noreferrer noopener\" href=\"https:\/\/www.youtube.com\/@Simone_de_Beauvoir_du_Caire\/videos\" target=\"_blank\">https:\/\/www.youtube.com\/@Simone_de_Beauvoir_du_Caire\/videos<\/a>&nbsp;<\/figcaption><\/figure>\n\n\n\n<h2 class=\"wp-block-heading\">La Webradio poursuit plusieurs objectifs<\/h2>\n\n\n\n<ul class=\"wp-block-list\"><li>La maitrise de la langue est \u00e9videmment au c\u0153ur du projet, orale bien s\u00fbr mais aussi \u00e9crite, le travail sur les scripts \u00e9tant par ailleurs le plus important en termes d\u2019investissement.<\/li><li>L\u2019\u00e9ducation aux m\u00e9dias et le d\u00e9veloppement de l\u2019esprit critique constituent un autre axe prioritaire.<\/li><li>D\u00e9velopper un projet motivant pour les \u00e9l\u00e8ves<\/li><\/ul>\n\n\n\n<h2 class=\"wp-block-heading\">Des \u00e9l\u00e8ves engag\u00e9s<\/h2>\n\n\n\n<p>Cette ann\u00e9e, les classes de la 6eme \u00e0 la seconde seront sensibilis\u00e9es \u00e0 l\u2019action (qu\u2019est-ce qu\u2019une WebRadio, \u00e0 quoi \u00e7a sert, les diff\u00e9rents r\u00f4les&#8230;) mais le projet est ouvert aux autres niveaux et notamment l\u2019\u00e9cole primaire et doit servir de v\u00e9ritable outil de liaison. A en juger par l&rsquo;enthousiasme suscit\u00e9 chez les \u00e9l\u00e8ves, le meilleur est \u00e0 venir!<\/p>\n\n\n\n<figure class=\"wp-block-gallery columns-3 is-cropped wp-block-gallery-1 is-layout-flex wp-block-gallery-is-layout-flex\"><ul class=\"blocks-gallery-grid\"><li class=\"blocks-gallery-item\"><figure><img decoding=\"async\" width=\"1024\" height=\"461\" src=\"https:\/\/niscl.s3.eu-central-1.amazonaws.com\/Lycee\/Media\/2023\/01\/09111100\/IMG20221212105451-min-1024x461.jpg\" alt=\"\" data-id=\"3368\" data-link=\"https:\/\/lycee-simonedebeauvoir.com\/?attachment_id=3368\" class=\"wp-image-3368\" srcset=\"https:\/\/niscl.s3.eu-central-1.amazonaws.com\/Lycee\/Media\/2023\/01\/09111100\/IMG20221212105451-min-1024x461.jpg 1024w, https:\/\/niscl.s3.eu-central-1.amazonaws.com\/Lycee\/Media\/2023\/01\/09111100\/IMG20221212105451-min-300x135.jpg 300w, https:\/\/niscl.s3.eu-central-1.amazonaws.com\/Lycee\/Media\/2023\/01\/09111100\/IMG20221212105451-min-768x346.jpg 768w, https:\/\/niscl.s3.eu-central-1.amazonaws.com\/Lycee\/Media\/2023\/01\/09111100\/IMG20221212105451-min-1536x691.jpg 1536w, https:\/\/niscl.s3.eu-central-1.amazonaws.com\/Lycee\/Media\/2023\/01\/09111100\/IMG20221212105451-min-2048x922.jpg 2048w\" sizes=\"(max-width: 1024px) 100vw, 1024px\" \/><\/figure><\/li><li class=\"blocks-gallery-item\"><figure><img decoding=\"async\" width=\"770\" height=\"1024\" src=\"https:\/\/niscl.s3.eu-central-1.amazonaws.com\/Lycee\/Media\/2023\/01\/09111108\/IMG20221212105518-min-770x1024.jpg\" alt=\"\" data-id=\"3370\" data-link=\"https:\/\/lycee-simonedebeauvoir.com\/?attachment_id=3370\" class=\"wp-image-3370\" srcset=\"https:\/\/niscl.s3.eu-central-1.amazonaws.com\/Lycee\/Media\/2023\/01\/09111108\/IMG20221212105518-min-770x1024.jpg 770w, https:\/\/niscl.s3.eu-central-1.amazonaws.com\/Lycee\/Media\/2023\/01\/09111108\/IMG20221212105518-min-226x300.jpg 226w, https:\/\/niscl.s3.eu-central-1.amazonaws.com\/Lycee\/Media\/2023\/01\/09111108\/IMG20221212105518-min-768x1021.jpg 768w, https:\/\/niscl.s3.eu-central-1.amazonaws.com\/Lycee\/Media\/2023\/01\/09111108\/IMG20221212105518-min-1155x1536.jpg 1155w, https:\/\/niscl.s3.eu-central-1.amazonaws.com\/Lycee\/Media\/2023\/01\/09111108\/IMG20221212105518-min-1540x2048.jpg 1540w, https:\/\/niscl.s3.eu-central-1.amazonaws.com\/Lycee\/Media\/2023\/01\/09111108\/IMG20221212105518-min-scaled.jpg 1925w\" sizes=\"(max-width: 770px) 100vw, 770px\" \/><\/figure><\/li><li class=\"blocks-gallery-item\"><figure><img loading=\"lazy\" decoding=\"async\" width=\"1024\" height=\"770\" src=\"https:\/\/niscl.s3.eu-central-1.amazonaws.com\/Lycee\/Media\/2023\/01\/09111234\/IMG20221212105532-min-1-1024x770.jpg\" alt=\"\" data-id=\"3372\" data-full-url=\"https:\/\/niscl.s3.eu-central-1.amazonaws.com\/Lycee\/Media\/2023\/01\/09111234\/IMG20221212105532-min-1-scaled.jpg\" data-link=\"https:\/\/lycee-simonedebeauvoir.com\/?attachment_id=3372\" class=\"wp-image-3372\" srcset=\"https:\/\/niscl.s3.eu-central-1.amazonaws.com\/Lycee\/Media\/2023\/01\/09111234\/IMG20221212105532-min-1-1024x770.jpg 1024w, https:\/\/niscl.s3.eu-central-1.amazonaws.com\/Lycee\/Media\/2023\/01\/09111234\/IMG20221212105532-min-1-300x226.jpg 300w, https:\/\/niscl.s3.eu-central-1.amazonaws.com\/Lycee\/Media\/2023\/01\/09111234\/IMG20221212105532-min-1-768x578.jpg 768w, https:\/\/niscl.s3.eu-central-1.amazonaws.com\/Lycee\/Media\/2023\/01\/09111234\/IMG20221212105532-min-1-1536x1155.jpg 1536w, https:\/\/niscl.s3.eu-central-1.amazonaws.com\/Lycee\/Media\/2023\/01\/09111234\/IMG20221212105532-min-1-2048x1540.jpg 2048w\" sizes=\"(max-width: 1024px) 100vw, 1024px\" \/><\/figure><\/li><li class=\"blocks-gallery-item\"><figure><img loading=\"lazy\" decoding=\"async\" width=\"1024\" height=\"770\" src=\"https:\/\/niscl.s3.eu-central-1.amazonaws.com\/Lycee\/Media\/2023\/01\/09111252\/IMG20221212105541-1-min-1-1024x770.jpg\" alt=\"\" data-id=\"3374\" data-full-url=\"https:\/\/niscl.s3.eu-central-1.amazonaws.com\/Lycee\/Media\/2023\/01\/09111252\/IMG20221212105541-1-min-1-scaled.jpg\" data-link=\"https:\/\/lycee-simonedebeauvoir.com\/?attachment_id=3374\" class=\"wp-image-3374\" srcset=\"https:\/\/niscl.s3.eu-central-1.amazonaws.com\/Lycee\/Media\/2023\/01\/09111252\/IMG20221212105541-1-min-1-1024x770.jpg 1024w, https:\/\/niscl.s3.eu-central-1.amazonaws.com\/Lycee\/Media\/2023\/01\/09111252\/IMG20221212105541-1-min-1-300x226.jpg 300w, https:\/\/niscl.s3.eu-central-1.amazonaws.com\/Lycee\/Media\/2023\/01\/09111252\/IMG20221212105541-1-min-1-768x578.jpg 768w, https:\/\/niscl.s3.eu-central-1.amazonaws.com\/Lycee\/Media\/2023\/01\/09111252\/IMG20221212105541-1-min-1-1536x1155.jpg 1536w, https:\/\/niscl.s3.eu-central-1.amazonaws.com\/Lycee\/Media\/2023\/01\/09111252\/IMG20221212105541-1-min-1-2048x1540.jpg 2048w\" sizes=\"(max-width: 1024px) 100vw, 1024px\" \/><\/figure><\/li><\/ul><\/figure>\n\n\n\n<p> <a rel=\"noreferrer noopener\" href=\"https:\/\/www.youtube.com\/@Simone_de_Beauvoir_du_Caire\/videos\" target=\"_blank\">https:\/\/www.youtube.com\/@Simone_de_Beauvoir_du_Caire\/videos<\/a>&nbsp; <\/p>\n","protected":false},"excerpt":{"rendered":"<p>La Webradio poursuit plusieurs objectifs La maitrise de la langue est \u00e9videmment au c\u0153ur du projet, orale bien s\u00fbr mais aussi \u00e9crite, le travail sur les scripts \u00e9tant par ailleurs le plus important en termes d\u2019investissement. L\u2019\u00e9ducation aux m\u00e9dias et le d\u00e9veloppement de l\u2019esprit critique constituent un autre axe prioritaire. D\u00e9velopper un projet motivant pour [&hellip;]<\/p>\n","protected":false},"author":5,"featured_media":0,"parent":0,"menu_order":0,"comment_status":"closed","ping_status":"closed","template":"","meta":{"footnotes":""},"class_list":["post-3363","page","type-page","status-publish","hentry"],"_links":{"self":[{"href":"https:\/\/lycee-simonedebeauvoir.com\/index.php?rest_route=\/wp\/v2\/pages\/3363","targetHints":{"allow":["GET"]}}],"collection":[{"href":"https:\/\/lycee-simonedebeauvoir.com\/index.php?rest_route=\/wp\/v2\/pages"}],"about":[{"href":"https:\/\/lycee-simonedebeauvoir.com\/index.php?rest_route=\/wp\/v2\/types\/page"}],"author":[{"embeddable":true,"href":"https:\/\/lycee-simonedebeauvoir.com\/index.php?rest_route=\/wp\/v2\/users\/5"}],"replies":[{"embeddable":true,"href":"https:\/\/lycee-simonedebeauvoir.com\/index.php?rest_route=%2Fwp%2Fv2%2Fcomments&post=3363"}],"version-history":[{"count":5,"href":"https:\/\/lycee-simonedebeauvoir.com\/index.php?rest_route=\/wp\/v2\/pages\/3363\/revisions"}],"predecessor-version":[{"id":3377,"href":"https:\/\/lycee-simonedebeauvoir.com\/index.php?rest_route=\/wp\/v2\/pages\/3363\/revisions\/3377"}],"wp:attachment":[{"href":"https:\/\/lycee-simonedebeauvoir.com\/index.php?rest_route=%2Fwp%2Fv2%2Fmedia&parent=3363"}],"curies":[{"name":"wp","href":"https:\/\/api.w.org\/{rel}","templated":true}]}}

<figure class="wp-block-image size-full is-resized is-style-default"><a href="https://www.youtube.com/@Simone_de_Beauvoir_du_Caire/videos "><img fetchpriority="high" decoding="async" src="https://niscl.s3.eu-central-1.amazonaws.com/Lycee/Media/2023/01/09091806/CPWR.jpg" alt="" class="wp-image-3365" width="330" height="248" srcset="https://niscl.s3.eu-central-1.amazonaws.com/Lycee/Media/2023/01/09091806/CPWR.jpg 734w, https://niscl.s3.eu-central-1.amazonaws.com/Lycee/Media/2023/01/09091806/CPWR-300x226.jpg 300w" sizes="(max-width: 330px) 100vw, 330px" /></a><figcaption>Le projet initié en septembre 2022 et piloté par Mme Rita, Mme Reem et Mme Safia s&rsquo;est concrétisé fin décembre avec la première émission diffusée dans l&rsquo;établissement et mise en ligne sur la chaine Youtube de la radio : <a rel="noreferrer noopener" href="https://www.youtube.com/@Simone_de_Beauvoir_du_Caire/videos" target="_blank">https://www.youtube.com/@Simone_de_Beauvoir_du_Caire/videos</a>&nbsp;</figcaption></figure>



<h2 class="wp-block-heading">La Webradio poursuit plusieurs objectifs</h2>



<ul class="wp-block-list"><li>La maitrise de la langue est évidemment au cœur du projet, orale bien sûr mais aussi écrite, le travail sur les scripts étant par ailleurs le plus important en termes d’investissement.</li><li>L’éducation aux médias et le développement de l’esprit critique constituent un autre axe prioritaire.</li><li>Développer un projet motivant pour les élèves</li></ul>



<h2 class="wp-block-heading">Des élèves engagés</h2>



<p>Cette année, les classes de la 6eme à la seconde seront sensibilisées à l’action (qu’est-ce qu’une WebRadio, à quoi ça sert, les différents rôles&#8230;) mais le projet est ouvert aux autres niveaux et notamment l’école primaire et doit servir de véritable outil de liaison. A en juger par l&rsquo;enthousiasme suscité chez les élèves, le meilleur est à venir!</p>



<figure class="wp-block-gallery columns-3 is-cropped wp-block-gallery-1 is-layout-flex wp-block-gallery-is-layout-flex"><ul class="blocks-gallery-grid"><li class="blocks-gallery-item"><figure><img decoding="async" width="1024" height="461" src="https://niscl.s3.eu-central-1.amazonaws.com/Lycee/Media/2023/01/09111100/IMG20221212105451-min-1024x461.jpg" alt="" data-id="3368" data-link="https://lycee-simonedebeauvoir.com/?attachment_id=3368" class="wp-image-3368" srcset="https://niscl.s3.eu-central-1.amazonaws.com/Lycee/Media/2023/01/09111100/IMG20221212105451-min-1024x461.jpg 1024w, https://niscl.s3.eu-central-1.amazonaws.com/Lycee/Media/2023/01/09111100/IMG20221212105451-min-300x135.jpg 300w, https://niscl.s3.eu-central-1.amazonaws.com/Lycee/Media/2023/01/09111100/IMG20221212105451-min-768x346.jpg 768w, https://niscl.s3.eu-central-1.amazonaws.com/Lycee/Media/2023/01/09111100/IMG20221212105451-min-1536x691.jpg 1536w, https://niscl.s3.eu-central-1.amazonaws.com/Lycee/Media/2023/01/09111100/IMG20221212105451-min-2048x922.jpg 2048w" sizes="(max-width: 1024px) 100vw, 1024px" /></figure></li><li class="blocks-gallery-item"><figure><img decoding="async" width="770" height="1024" src="https://niscl.s3.eu-central-1.amazonaws.com/Lycee/Media/2023/01/09111108/IMG20221212105518-min-770x1024.jpg" alt="" data-id="3370" data-link="https://lycee-simonedebeauvoir.com/?attachment_id=3370" class="wp-image-3370" srcset="https://niscl.s3.eu-central-1.amazonaws.com/Lycee/Media/2023/01/09111108/IMG20221212105518-min-770x1024.jpg 770w, https://niscl.s3.eu-central-1.amazonaws.com/Lycee/Media/2023/01/09111108/IMG20221212105518-min-226x300.jpg 226w, https://niscl.s3.eu-central-1.amazonaws.com/Lycee/Media/2023/01/09111108/IMG20221212105518-min-768x1021.jpg 768w, https://niscl.s3.eu-central-1.amazonaws.com/Lycee/Media/2023/01/09111108/IMG20221212105518-min-1155x1536.jpg 1155w, https://niscl.s3.eu-central-1.amazonaws.com/Lycee/Media/2023/01/09111108/IMG20221212105518-min-1540x2048.jpg 1540w, https://niscl.s3.eu-central-1.amazonaws.com/Lycee/Media/2023/01/09111108/IMG20221212105518-min-scaled.jpg 1925w" sizes="(max-width: 770px) 100vw, 770px" /></figure></li><li class="blocks-gallery-item"><figure><img loading="lazy" decoding="async" width="1024" height="770" src="https://niscl.s3.eu-central-1.amazonaws.com/Lycee/Media/2023/01/09111234/IMG20221212105532-min-1-1024x770.jpg" alt="" data-id="3372" data-full-url="https://niscl.s3.eu-central-1.amazonaws.com/Lycee/Media/2023/01/09111234/IMG20221212105532-min-1-scaled.jpg" data-link="https://lycee-simonedebeauvoir.com/?attachment_id=3372" class="wp-image-3372" srcset="https://niscl.s3.eu-central-1.amazonaws.com/Lycee/Media/2023/01/09111234/IMG20221212105532-min-1-1024x770.jpg 1024w, https://niscl.s3.eu-central-1.amazonaws.com/Lycee/Media/2023/01/09111234/IMG20221212105532-min-1-300x226.jpg 300w, https://niscl.s3.eu-central-1.amazonaws.com/Lycee/Media/2023/01/09111234/IMG20221212105532-min-1-768x578.jpg 768w, https://niscl.s3.eu-central-1.amazonaws.com/Lycee/Media/2023/01/09111234/IMG20221212105532-min-1-1536x1155.jpg 1536w, https://niscl.s3.eu-central-1.amazonaws.com/Lycee/Media/2023/01/09111234/IMG20221212105532-min-1-2048x1540.jpg 2048w" sizes="(max-width: 1024px) 100vw, 1024px" /></figure></li><li class="blocks-gallery-item"><figure><img loading="lazy" decoding="async" width="1024" height="770" src="https://niscl.s3.eu-central-1.amazonaws.com/Lycee/Media/2023/01/09111252/IMG20221212105541-1-min-1-1024x770.jpg" alt="" data-id="3374" data-full-url="https://niscl.s3.eu-central-1.amazonaws.com/Lycee/Media/2023/01/09111252/IMG20221212105541-1-min-1-scaled.jpg" data-link="https://lycee-simonedebeauvoir.com/?attachment_id=3374" class="wp-image-3374" srcset="https://niscl.s3.eu-central-1.amazonaws.com/Lycee/Media/2023/01/09111252/IMG20221212105541-1-min-1-1024x770.jpg 1024w, https://niscl.s3.eu-central-1.amazonaws.com/Lycee/Media/2023/01/09111252/IMG20221212105541-1-min-1-300x226.jpg 300w, https://niscl.s3.eu-central-1.amazonaws.com/Lycee/Media/2023/01/09111252/IMG20221212105541-1-min-1-768x578.jpg 768w, https://niscl.s3.eu-central-1.amazonaws.com/Lycee/Media/2023/01/09111252/IMG20221212105541-1-min-1-1536x1155.jpg 1536w, https://niscl.s3.eu-central-1.amazonaws.com/Lycee/Media/2023/01/09111252/IMG20221212105541-1-min-1-2048x1540.jpg 2048w" sizes="(max-width: 1024px) 100vw, 1024px" /></figure></li></ul></figure>



<p> <a rel="noreferrer noopener" href="https://www.youtube.com/@Simone_de_Beauvoir_du_Caire/videos" target="_blank">https://www.youtube.com/@Simone_de_Beauvoir_du_Caire/videos</a>&nbsp; </p>

<p>La Webradio poursuit plusieurs objectifs La maitrise de la langue est évidemment au cœur du projet, orale bien sûr mais aussi écrite, le travail sur les scripts étant par ailleurs le plus important en termes d’investissement. L’éducation aux médias et le développement de l’esprit critique constituent un autre axe prioritaire. Développer un projet motivant pour [&hellip;]</p>
